9 (base 12) to base 9
-76
What is -20012 (base 3) in base 13?
-cb
What is 34 (base 12) in base 15?
2a
-2 (base 15) to base 12
-2
-2 (base 8) to base 7
-2
Convert -41 (base 7) to base 10.
-29
Convert 5 (base 10) to base 11.
5
Convert 162 (base 8) to base 5.
424
Convert -48 (base 9) to base 16.
-2c
-8 (base 14) to base 4
-20
What is -1 (base 6) in base 11?
-1
Convert -131 (base 4) to base 12.
-25
What is 204 (base 6) in base 11?
6a
What is -9 (base 15) in base 11?
-9
What is 1 (base 14) in base 12?
1
What is -121 (base 4) in base 12?
-21
Convert 48 (base 10) to base 6.
120
What is 3 (base 9) in base 4?
3
11 (base 6) to base 11
7
Convert 24 (base 10) to base 4.
120
What is 11 (base 6) in base 8?
7
Convert -21 (base 14) to base 12.
-25
7 (base 13) to base 2
111
-125 (base 7) to base 15
-48
Convert 200 (base 3) to base 2.
10010
What is -72 (base 16) in base 2?
-1110010
2 (base 5) to base 4
2
Convert 1 (base 6) to base 8.
1
Convert 0 (base 12) to base 7.
0
Convert 140 (base 5) to base 3.
1200
Convert -341 (base 7) to base 16.
-b0
What is -215 (base 8) in base 10?
-141
What is -36 (base 8) in base 16?
-1e
Convert -3 (base 13) to base 5.
-3
1 (base 11) to base 12
1
What is -10000 (base 2) in base 5?
-31
What is -111010 (base 2) in base 3?
-2011
-1 (base 15) to base 11
-1
1 (base 8) to base 10
1
What is -1000 (base 2) in base 9?
-8
Convert -43 (base 7) to base 3.
-1011
10 (base 3) to base 12
3
What is -101 (base 8) in base 2?
-1000001
104 (base 7) to base 9
58
Convert 40 (base 6) to base 3.
220
Convert -10 (base 3) to base 6.
-3
118 (base 11) to base 8
214
What is 2 (base 14) in base 4?
2
Convert 1101 (base 2) to base 9.
14
Convert -5 (base 12) to base 2.
-101
123 (base 10) to base 3
11120
Convert 1a (base 11) to base 3.
210
What is -7 (base 9) in base 10?
-7
What is 7 (base 12) in base 13?
7
Convert 0 (base 10) to base 16.
0
Convert 84 (base 13) to base 3.
11000
Convert 6 (base 7) to base 4.
12
Convert -18 (base 10) to base 14.
-14
Convert -11101 (base 2) to base 7.
-41
-43 (base 10) to base 15
-2d
-4 (base 8) to base 3
-11
Convert e1 (base 15) to base 4.
3103
Convert 1 (base 16) to base 13.
1
What is -113 (base 4) in base 11?
-21
Convert 7 (base 14) to base 3.
21
Convert -6 (base 9) to base 15.
-6
-26 (base 9) to base 16
-18
What is -10 (base 9) in base 13?
-9
17 (base 11) to base 4
102
63 (base 10) to base 12
53
-10 (base 2) to base 12
-2
What is -4 (base 12) in base 13?
-4
Convert -1 (base 15) to base 9.
-1
What is 23 (base 13) in base 14?
21
20 (base 10) to base 14
16
Convert 2 (base 3) to base 5.
2
Convert 8 (base 16) to base 3.
22
What is -110000 (base 2) in base 8?
-60
Convert -5 (base 14) to base 10.
-5
Convert -a6 (base 13) to base 9.
-161
20211 (base 3) to base 16
b8
What is 40 (base 6) in base 9?
26
Convert 7 (base 13) to base 9.
7
8 (base 10) to base 3
22
Convert -2 (base 7) to base 8.
-2
139 (base 10) to base 12
b7
What is -22 (base 14) in base 15?
-20
-100 (base 8) to base 13
-4c
What is -1e (base 16) in base 3?
-1010
What is -3313 (base 4) in base 11?
-205
What is 22 (base 11) in base 2?
11000
-5 (base 9) to base 4
-11
What is -10 (base 2) in base 13?
-2
Convert -402 (base 7) to base 14.
-102
Convert 1f (base 16) to base 13.
25
1011 (base 3) to base 16
1f
What is -21 (base 15) in base 16?
-1f
What is -12 (base 10) in base 6?
-20
-27 (base 9) to base 12
-21
0 (base 6) to base 2
0
What is 10d (base 14) in base 15?
de
What is 11 (base 7) in base 16?
8
What is 32 (base 7) in base 15?
18
Convert 3 (base 16) to base 12.
3
-4 (base 11) to base 14
-4
What is -3 (base 4) in base 15?
-3
What is -1 (base 14) in base 9?
-1
-a7 (base 14) to base 12
-103
What is a2 (base 14) in base 11?
11a
-4 (base 9) to base 4
-10
Convert 1 (base 4) to base 15.
1
What is -2330 (base 4) in base 14?
-d6
-102 (base 3) to base 14
-b
5 (base 12) to base 7
5
What is -54 (base 14) in base 5?
-244
Convert -12 (base 14) to base 15.
-11
What is 3 (base 8) in base 2?
11
-10 (base 3) to base 2
-11
Convert 1 (base 14) to base 10.
1
406 (base 7) to base 14
106
Convert -10 (base 6) to base 14.
-6
Convert 0 (base 16) to base 6.
0
What is 253 (base 8) in base 16?
ab
What is -111 (base 2) in base 16?
-7
What is -22022 (base 3) in base 6?
-1012
Convert 6 (base 13) to base 2.
110
Convert 44 (base 13) to base 3.
2002
Convert 11001 (base 4) to base 16.
141
Convert -10010001 (base 2) to base 11.
-122
What is -11b (base 13) in base 8?
-301
Convert 11 (base 2) to base 15.
3
Convert 76 (base 16) to base 4.
1312
13 (base 13) to base 12
14
Convert 2313 (base 4) to base 3.
20210
What is 2 (base 5) in base 10?
2
Convert 0 (base 15) to base 4.
0
-100 (base 2) to base 10
-4
-311 (base 6) to base 8
-163
What is -9 (base 12) in base 8?
-11
Convert c (base 14) to base 13.
c
Convert 240 (base 7) to base 9.
150
What is 2b (base 14) in base 10?
39
Convert -151 (base 16) to base 9.
-414
1 (base 13) to base 11
1
Convert -17 (base 14) to base 13.
-18
-7 (base 14) to base 5
-12
Convert 14 (base 11) to base 5.
30
What is 4 (base 8) in base 14?
4
Convert 352 (base 8) to base 10.
234
Convert 0 (base 7) to base 16.
0
What is 4 (base 16) in base 15?
4
-210 (base 7) to base 15
-70
Convert 29 (base 11) to base 7.
43
What is -6 (base 10) in base 13?
-6
0 (base 2) to base 9
0
Convert 5 (base 14) to base 9.
5
-3 (base 4) to base 16
-3
Convert 105 (base 16) to base 3.
100200
What is 2 (base 4) in base 7?
2
Convert 8 (base 14) to base 5.
13
-2221 (base 4) to base 7
-331
11 (base 2) to base 3
10
Convert -5 (base 7) to base 9.
-5
What is 22 (base 9) in base 13?
17
2 (base 15) to base 12
2
-100101 (base 2) to base 10
-37
-a (base 13) to base 16
-a
Convert -41 (base 9) to base 15.
-27
What is -21 (base 15) in base 8?
-37
What is 3 (base 16) in base 7?
3
What is 20 (base 13) in base 3?
222
What is -1022 (base 3) in base 8?
-43
What is 3 (base 16) in base 3?
10
3 (base 12) to base 2
11
Convert -21 (base 12) to base 14.
-1b
Convert cb (base 13) to base 2.
10100111
-3 (base 13) to base 7
-3
Convert 73 (base 9) to base 14.
4a
Convert -1a (base 11) to base 3.
-210
Convert -43 (base 15) to base 9.
-70
What is -9 (base 11) in base 7?
-12
Convert d (base 15) to base 2.
1101
-5 (base 8) to base 3
-12
-12 (base 7) to base 3
-100
What is 2 (base 13) in base 5?
2
4 (base 13) to base 8
4
303 (base 8) to base 10
195
Convert 4 (base 10) to base 13.
4
What is -6 (base 12) in base 3?
-20
-11 (base 5) to base 6
-10
What is -27 (base 15) in base 13?
-2b
Convert 30 (base 10) to base 6.
50
Convert -1110 (base 2) to base 12.
-12
-2 (base 9) to base 7
-2
What is -16 (base 7) in base 4?
-31
What is -3a (base 15) in base 16?
-37
-1122 (base 4) to base 12
-76
Convert 5 (base 11) to base 14.
5
What is -21121 (base 3) in base 15?
-da
What is -3 (base 7) in base 15?
-3
8 (base 10) to base 6
12
What is 1 (base 9) in base 8?
1
12 (base 9) to base 13
b
What is -2 (base 12) in base 13?
-2
What is -201 (base 6) in base 4?
-1021
Convert 31 (base 5) to base 10.
16
-11 (base 14) to base 12
-13
Convert -2021 (base 5) to base 11.
-218
What is -1 (base 2) in base 7?
-1
Convert -22 (base 16) to base 7.
-46
What is -27 (base 11) in base 2?
-11101
20 (base 4) to base 7
11
What is 125 (base 6) in base 14?
3b
What is 14 (base 5) in base 11?
9
What is -b (base 16) in base 5?
-21
Convert -53 (base 8) to base 3.
-1121
1123 (base 5) to base 2
10100011
Convert -33 (base 5) to base 10.
-18
What is -2 (base 15) in base 14?
-2
Convert 441 (base 5) to base 2.
1111001
-14e (base 15) to base 9
-362
What is -3 (base 8) in base 11?
-3
-27 (base 8) to base 10
-23
What is 5 (base 10) in base 12?
5
Convert -4 (base 6) to base 14.
-4
-5 (base 9) to base 11
-5
e (base 16) to base 9
15
What is -14 (base 10) in base 8?
-16
What is -14 (base 5) in base 7?
-12
What is -6 (base 16) in base 9?
-6
Convert 33 (base 5) to base 10.
18
Convert -5 (base 7) to base 4.
-11
Convert 5 (base 13) to base 14.
5
What is -214 (base 7) in base 11?
-9a
-10 (base 2) to base 11
-2
1203 (base 4) to base 2
1100011
Convert 12 (base 10) to base 4.
30
Convert -233 (base 4) to base 16.
-2f
What is -6 (base 12) in base 11?
-6
Convert 1000 (base 2) to base 11.
8
Convert -4b (base 16) to base 3.
-2210
Convert 5 (base 7) to base 6.
5
Convert 100011 (base 2) to base 9.
38
What is -104 (base 6) in base 11?
-37
5 (ba